{"id":191,"date":"2009-10-30T18:25:25","date_gmt":"2009-10-30T17:25:25","guid":{"rendered":"http:\/\/www.cirkulacija2.org\/?page_id=191"},"modified":"2023-01-19T18:41:54","modified_gmt":"2023-01-19T18:41:54","slug":"cirkulacija-2-at-mkl-ncc","status":"publish","type":"page","link":"https:\/\/www.cirkulacija2.org\/cirkulacija-2\/cirkulacija-2-at-mkl-ncc\/","title":{"rendered":"Cirkulacija 2 @ MKL &#038; NCC 2009"},"content":{"rendered":"<p>Cirkulacija 2, an artists&#8217; intiative from Ljubljana \/ Slovenija presented a series of events entitled Prototype 11 at MedienKunstLabor as part of Netart Community Convention from 24th to 29th of November 2009. The artists present all the time:\u00a0 Borut Savski, Stefan Doepner, \u00a0Milan Kristl, Bo\u0161tjan Leskov\u0161ek and Ksenija \u010cer\u010de. Luka Prin\u010di\u010d joined for two days, Maja Smrekar joined in with a video stream from Kiberpipa Ljubljana and Miha Tom\u0161i\u010d visited\u00a0on friday.<\/p>\n<p>There were three main parallel lines of work:<\/p>\n<p>&#8211; Savski, Doepner, Leskov\u0161ek, Kristl, Prin\u010di\u010d and \u010cer\u010de as basic Cirkulacija 2: Prototype 11 project (the keywords: translation, transformation, interpretation, consumation on the levels of sounds, visuals, words) processes<br \/>\n&#8211; Prin\u010di\u010d and Smrekar had a performance<br \/>\n&#8211; Savski and others dealt with media presentation (radio, net tv, streaming, archiving&#8230;) and installation (post-mortem) situation after the live participants were gone<\/p>\n<p>Actions:<br \/>\n&#8211; unfocused: during the day (14.00 to 19.00)<br \/>\n&#8211; consumation: 19.00 to 20.00 (or a little bit earlier)<br \/>\n&#8211; focused: in the evening (20.00 to 22.00)<br \/>\n&#8211; afterhours (unfocused)<\/p>\n<p>Topics:<br \/>\n&#8211; definitions the Cirkulacija artists mostly agree (interdisciplinary, technology, realtime, improvisation, interpretation&#8230;)<br \/>\n&#8211; definitions the Cirkulacija artists mostly disagree (analog versus digital interfaces, definitions of\u00a0art, &#8230;)<br \/>\n&#8211; definitions the Cirkulacija artists mostly dont talk about (social and cultural aspects of collaborations, cultural interfaces, presentation techniques&#8230;)<\/p>\n<p>23rd Nov &#8211; monday:<br \/>\narrival at 15.00 to 16.00, unpacking, defining the areas in MKL, setting up the peripheric systems<\/p>\n<p>&#8212; parallel NCC phase<\/p>\n<p>24th Nov &#8211; tuesday:<br \/>\n14.00 setting up\/running the systems<br \/>\n19.00 consumation<br \/>\n20:00 opening performances=presentations (Introduction: What is Cirkulacija &amp; prehistory of self-production &amp; media art from the point of view of people involved; sound &amp; visual performance: Savski + Kristl &#8211;\u00a0 Analogic Composition, &#8230;)<br \/>\n22.00 afterhours (a free form non-compressed\u00a0improvised situation &#8211; a bit moderated &#8211; open to immediate reflection; solos, duos, etc&#8230;)<\/p>\n<p>25th Nov &#8211; wednesday:<br \/>\n14.00 setting up\/running the systems<br \/>\n19.00 consumation<br \/>\n20.00 evening performances=presentations (Princic = Deviator + Maja Smrekar &#8211; streaming from Kiberpipa; additional: Doepner, Leskovsek, Kristl, &#8230;)<br \/>\n22.00 afterhours (to be announced at the last moment)<\/p>\n<p>26th Nov &#8211; thursday:<br \/>\n14.00 setting up\/running the systems<br \/>\n19.00 consumation<br \/>\n20.00 evening performances=presentations (Stefan Doepner, Princic = Deviator, Stefan Doepner, Savski, Cerce, Leskovsek)<br \/>\n22.00 afterhours (to be announced at the last moment)<\/p>\n<p>&#8212; serial NCC phase<\/p>\n<p>27th Nov &#8211; friday:<br \/>\n9.00-14.00 trip to\u00a0Gleisdorf<br \/>\n14.00 -19.00 running the systems,\u00a0live presentations, short performances &#8211; in parallel with\u00a0preparing the evening party, cooking<br \/>\n19.00 consumation<br \/>\n20.00 evening performances (21.30 Under the bridge, &#8230;)<br \/>\n22.00 party &amp; afterhours (to be agreed upon and announced during the week)<\/p>\n<p>28th Nov &#8211; saturday:<\/p>\n<p>29th Nov &#8211; sunday: packing, leaving<\/p>ngg_shortcode_0_placeholder","protected":false},"excerpt":{"rendered":"<p>Cirkulacija 2, an artists&#8217; intiative from Ljubljana \/ Slovenija presented a series of events entitled Prototype 11 at MedienKunstLabor as part of Netart Community Convention from 24th to 29th of November 2009. The artists present all the time:\u00a0 Borut Savski, Stefan Doepner, \u00a0Milan Kristl, Bo\u0161tjan Leskov\u0161ek and Ksenija \u010cer\u010de. Luka Prin\u010di\u010d joined for two days, [&hellip;]<\/p>\n","protected":false},"author":1,"featured_media":0,"parent":46,"menu_order":3,"comment_status":"open","ping_status":"closed","template":"","meta":{"ngg_post_thumbnail":0,"iawp_total_views":6,"footnotes":""},"class_list":["post-191","page","type-page","status-publish","hentry"],"yoast_head":"<!-- This site is optimized with the Yoast SEO plugin v27.2 - https:\/\/yoast.com\/product\/yoast-seo-wordpress\/ -->\n<title>Cirkulacija 2 @ MKL &amp; NCC 2009 - Cirkulacija 2<\/title>\n<meta name=\"robots\" content=\"index, follow, max-snippet:-1, max-image-preview:large, max-video-preview:-1\" \/>\n<link rel=\"canonical\" href=\"https:\/\/www.cirkulacija2.org\/cirkulacija-2\/cirkulacija-2-at-mkl-ncc\/\" \/>\n<meta property=\"og:locale\" content=\"en_US\" \/>\n<meta property=\"og:type\" content=\"article\" \/>\n<meta property=\"og:title\" content=\"Cirkulacija 2 @ MKL &amp; NCC 2009 - Cirkulacija 2\" \/>\n<meta property=\"og:description\" content=\"Cirkulacija 2, an artists&#8217; intiative from Ljubljana \/ Slovenija presented a series of events entitled Prototype 11 at MedienKunstLabor as part of Netart Community Convention from 24th to 29th of November 2009. The artists present all the time:\u00a0 Borut Savski, Stefan Doepner, \u00a0Milan Kristl, Bo\u0161tjan Leskov\u0161ek and Ksenija \u010cer\u010de. Luka Prin\u010di\u010d joined for two days, [&hellip;]\" \/>\n<meta property=\"og:url\" content=\"https:\/\/www.cirkulacija2.org\/cirkulacija-2\/cirkulacija-2-at-mkl-ncc\/\" \/>\n<meta property=\"og:site_name\" content=\"Cirkulacija 2\" \/>\n<meta property=\"article:publisher\" content=\"https:\/\/www.facebook.com\/Cirkulacija2\/\" \/>\n<meta property=\"article:modified_time\" content=\"2023-01-19T18:41:54+00:00\" \/>\n<meta name=\"twitter:card\" content=\"summary_large_image\" \/>\n<meta name=\"twitter:label1\" content=\"Est. reading time\" \/>\n\t<meta name=\"twitter:data1\" content=\"2 minutes\" \/>\n<script type=\"application\/ld+json\" class=\"yoast-schema-graph\">{\"@context\":\"https:\/\/schema.org\",\"@graph\":[{\"@type\":\"WebPage\",\"@id\":\"https:\/\/www.cirkulacija2.org\/cirkulacija-2\/cirkulacija-2-at-mkl-ncc\/\",\"url\":\"https:\/\/www.cirkulacija2.org\/cirkulacija-2\/cirkulacija-2-at-mkl-ncc\/\",\"name\":\"Cirkulacija 2 @ MKL & NCC 2009 - Cirkulacija 2\",\"isPartOf\":{\"@id\":\"https:\/\/www.cirkulacija2.org\/#website\"},\"datePublished\":\"2009-10-30T17:25:25+00:00\",\"dateModified\":\"2023-01-19T18:41:54+00:00\",\"breadcrumb\":{\"@id\":\"https:\/\/www.cirkulacija2.org\/cirkulacija-2\/cirkulacija-2-at-mkl-ncc\/#breadcrumb\"},\"inLanguage\":\"en-US\",\"potentialAction\":[{\"@type\":\"ReadAction\",\"target\":[\"https:\/\/www.cirkulacija2.org\/cirkulacija-2\/cirkulacija-2-at-mkl-ncc\/\"]}]},{\"@type\":\"BreadcrumbList\",\"@id\":\"https:\/\/www.cirkulacija2.org\/cirkulacija-2\/cirkulacija-2-at-mkl-ncc\/#breadcrumb\",\"itemListElement\":[{\"@type\":\"ListItem\",\"position\":1,\"name\":\"Home\",\"item\":\"https:\/\/www.cirkulacija2.org\/\"},{\"@type\":\"ListItem\",\"position\":2,\"name\":\"CIRKULACIJA 2 (2007 -> now)\",\"item\":\"https:\/\/www.cirkulacija2.org\/cirkulacija-2\/\"},{\"@type\":\"ListItem\",\"position\":3,\"name\":\"Cirkulacija 2 @ MKL &#038; NCC 2009\"}]},{\"@type\":\"WebSite\",\"@id\":\"https:\/\/www.cirkulacija2.org\/#website\",\"url\":\"https:\/\/www.cirkulacija2.org\/\",\"name\":\"Cirkulacija 2\",\"description\":\"Association for interdisciplinary, independent art production and the circulation of contemporary art\",\"publisher\":{\"@id\":\"https:\/\/www.cirkulacija2.org\/#organization\"},\"potentialAction\":[{\"@type\":\"SearchAction\",\"target\":{\"@type\":\"EntryPoint\",\"urlTemplate\":\"https:\/\/www.cirkulacija2.org\/?s={search_term_string}\"},\"query-input\":{\"@type\":\"PropertyValueSpecification\",\"valueRequired\":true,\"valueName\":\"search_term_string\"}}],\"inLanguage\":\"en-US\"},{\"@type\":\"Organization\",\"@id\":\"https:\/\/www.cirkulacija2.org\/#organization\",\"name\":\"Cirkulacija 2\",\"url\":\"https:\/\/www.cirkulacija2.org\/\",\"logo\":{\"@type\":\"ImageObject\",\"inLanguage\":\"en-US\",\"@id\":\"https:\/\/www.cirkulacija2.org\/#\/schema\/logo\/image\/\",\"url\":\"https:\/\/www.cirkulacija2.org\/wp-content\/uploads\/C2_logo.jpg\",\"contentUrl\":\"https:\/\/www.cirkulacija2.org\/wp-content\/uploads\/C2_logo.jpg\",\"width\":150,\"height\":150,\"caption\":\"Cirkulacija 2\"},\"image\":{\"@id\":\"https:\/\/www.cirkulacija2.org\/#\/schema\/logo\/image\/\"},\"sameAs\":[\"https:\/\/www.facebook.com\/Cirkulacija2\/\",\"https:\/\/www.instagram.com\/cirkulacija2\/\"]}]}<\/script>\n<!-- \/ Yoast SEO plugin. -->","yoast_head_json":{"title":"Cirkulacija 2 @ MKL & NCC 2009 - Cirkulacija 2","robots":{"index":"index","follow":"follow","max-snippet":"max-snippet:-1","max-image-preview":"max-image-preview:large","max-video-preview":"max-video-preview:-1"},"canonical":"https:\/\/www.cirkulacija2.org\/cirkulacija-2\/cirkulacija-2-at-mkl-ncc\/","og_locale":"en_US","og_type":"article","og_title":"Cirkulacija 2 @ MKL & NCC 2009 - Cirkulacija 2","og_description":"Cirkulacija 2, an artists&#8217; intiative from Ljubljana \/ Slovenija presented a series of events entitled Prototype 11 at MedienKunstLabor as part of Netart Community Convention from 24th to 29th of November 2009. The artists present all the time:\u00a0 Borut Savski, Stefan Doepner, \u00a0Milan Kristl, Bo\u0161tjan Leskov\u0161ek and Ksenija \u010cer\u010de. Luka Prin\u010di\u010d joined for two days, [&hellip;]","og_url":"https:\/\/www.cirkulacija2.org\/cirkulacija-2\/cirkulacija-2-at-mkl-ncc\/","og_site_name":"Cirkulacija 2","article_publisher":"https:\/\/www.facebook.com\/Cirkulacija2\/","article_modified_time":"2023-01-19T18:41:54+00:00","twitter_card":"summary_large_image","twitter_misc":{"Est. reading time":"2 minutes"},"schema":{"@context":"https:\/\/schema.org","@graph":[{"@type":"WebPage","@id":"https:\/\/www.cirkulacija2.org\/cirkulacija-2\/cirkulacija-2-at-mkl-ncc\/","url":"https:\/\/www.cirkulacija2.org\/cirkulacija-2\/cirkulacija-2-at-mkl-ncc\/","name":"Cirkulacija 2 @ MKL & NCC 2009 - Cirkulacija 2","isPartOf":{"@id":"https:\/\/www.cirkulacija2.org\/#website"},"datePublished":"2009-10-30T17:25:25+00:00","dateModified":"2023-01-19T18:41:54+00:00","breadcrumb":{"@id":"https:\/\/www.cirkulacija2.org\/cirkulacija-2\/cirkulacija-2-at-mkl-ncc\/#breadcrumb"},"inLanguage":"en-US","potentialAction":[{"@type":"ReadAction","target":["https:\/\/www.cirkulacija2.org\/cirkulacija-2\/cirkulacija-2-at-mkl-ncc\/"]}]},{"@type":"BreadcrumbList","@id":"https:\/\/www.cirkulacija2.org\/cirkulacija-2\/cirkulacija-2-at-mkl-ncc\/#breadcrumb","itemListElement":[{"@type":"ListItem","position":1,"name":"Home","item":"https:\/\/www.cirkulacija2.org\/"},{"@type":"ListItem","position":2,"name":"CIRKULACIJA 2 (2007 -> now)","item":"https:\/\/www.cirkulacija2.org\/cirkulacija-2\/"},{"@type":"ListItem","position":3,"name":"Cirkulacija 2 @ MKL &#038; NCC 2009"}]},{"@type":"WebSite","@id":"https:\/\/www.cirkulacija2.org\/#website","url":"https:\/\/www.cirkulacija2.org\/","name":"Cirkulacija 2","description":"Association for interdisciplinary, independent art production and the circulation of contemporary art","publisher":{"@id":"https:\/\/www.cirkulacija2.org\/#organization"},"potentialAction":[{"@type":"SearchAction","target":{"@type":"EntryPoint","urlTemplate":"https:\/\/www.cirkulacija2.org\/?s={search_term_string}"},"query-input":{"@type":"PropertyValueSpecification","valueRequired":true,"valueName":"search_term_string"}}],"inLanguage":"en-US"},{"@type":"Organization","@id":"https:\/\/www.cirkulacija2.org\/#organization","name":"Cirkulacija 2","url":"https:\/\/www.cirkulacija2.org\/","logo":{"@type":"ImageObject","inLanguage":"en-US","@id":"https:\/\/www.cirkulacija2.org\/#\/schema\/logo\/image\/","url":"https:\/\/www.cirkulacija2.org\/wp-content\/uploads\/C2_logo.jpg","contentUrl":"https:\/\/www.cirkulacija2.org\/wp-content\/uploads\/C2_logo.jpg","width":150,"height":150,"caption":"Cirkulacija 2"},"image":{"@id":"https:\/\/www.cirkulacija2.org\/#\/schema\/logo\/image\/"},"sameAs":["https:\/\/www.facebook.com\/Cirkulacija2\/","https:\/\/www.instagram.com\/cirkulacija2\/"]}]}},"_links":{"self":[{"href":"https:\/\/www.cirkulacija2.org\/wp-json\/wp\/v2\/pages\/191","targetHints":{"allow":["GET"]}}],"collection":[{"href":"https:\/\/www.cirkulacija2.org\/wp-json\/wp\/v2\/pages"}],"about":[{"href":"https:\/\/www.cirkulacija2.org\/wp-json\/wp\/v2\/types\/page"}],"author":[{"embeddable":true,"href":"https:\/\/www.cirkulacija2.org\/wp-json\/wp\/v2\/users\/1"}],"replies":[{"embeddable":true,"href":"https:\/\/www.cirkulacija2.org\/wp-json\/wp\/v2\/comments?post=191"}],"version-history":[{"count":0,"href":"https:\/\/www.cirkulacija2.org\/wp-json\/wp\/v2\/pages\/191\/revisions"}],"up":[{"embeddable":true,"href":"https:\/\/www.cirkulacija2.org\/wp-json\/wp\/v2\/pages\/46"}],"wp:attachment":[{"href":"https:\/\/www.cirkulacija2.org\/wp-json\/wp\/v2\/media?parent=191"}],"curies":[{"name":"wp","href":"https:\/\/api.w.org\/{rel}","templated":true}]}}